s 979823740 a multiple of 1148?
True
Does 23 divide 12567950?
False
Is 8 a factor of 65793160?
True
Does 14 divide 319070654?
True
Does 4196 divide 751474228?
True
Is 29 a factor of 54404415?
False
Does 34 divide 79979832?
True
Is 136040619 a multiple of 68?
False
Is 19614478 a multiple of 2?
True
Is 15724814 a multiple of 33?
False
Is 4162 a factor of 2093125107?
False
Does 1378 divide 17358666?
True
Is 296097620 a multiple of 65?
True
Does 3623 divide 107155267?
False
Does 20 divide 129362408?
False
Is 1177 a factor of 18530556?
False
Does 22 divide 189832170?
True
Is 1676 a factor of 16732680?
False
Is 7812417 a multiple of 11?
False
Does 216 divide 479523591?
False
Does 11 divide 316520921?
False
Is 171189621 a multiple of 7729?
True
Does 14 divide 398146182?
True
Is 580170138 a multiple of 8?
False
Does 2344 divide 50834991?
False
Is 233344434 a multiple of 28?
False
Is 52 a factor of 4375565220?
True
Does 1317 divide 22196718?
True
Is 6883225 a multiple of 11?
False
Does 8 divide 1404891056?
True
Does 13 divide 615257141?
False
Is 71117982 a multiple of 313?
True
Is 46 a factor of 1363909476?
True
Is 2164 a factor of 1094386736?
True
Is 44 a factor of 30734484?
True
Is 1168817480 a multiple of 4604?
True
Is 101 a factor of 458758220?
False
Does 8 divide 236504428?
False
Does 59 divide 203973030?
True
Does 27 divide 3271443?
False
Is 4575 a factor of 31168331?
False
Is 178814500 a multiple of 772?
True
Does 14043 divide 2457110237?
False
Does 136 divide 4047838?
False
Does 181 divide 4592857262?
True
Is 4048529 a multiple of 23?
True
Is 5102 a factor of 3136382351?
False
Does 2079 divide 37060254?
True
Does 19 divide 582739291?
True
Is 3129688 a multiple of 13?
False
Is 784 a factor of 2779649870?
False
Is 15 a factor of 45199011?
False
Is 52 a factor of 1986614032?
True
Does 117 divide 17683942?
False
Is 61792009 a multiple of 2?
False
Does 46 divide 206111714?
False
Is 988 a factor of 53420172?
True
Does 1111 divide 1931213237?
False
Does 70 divide 25265866?
False
Is 8 a factor of 30801864?
True
Is 4060140 a multiple of 35?
True
Does 22 divide 85772984?
True
Is 8921 a factor of 2064167743?
True
Is 121 a factor of 94951967?
True
Does 3 divide 260094150?
True
Does 95 divide 3240408?
False
Is 41589264 a multiple of 71?
False
Does 36 divide 23336007?
False
Is 21 a factor of 175348338?
False
Does 3952 divide 233960699?
False
Is 9577 a factor of 1470972068?
False
Does 2082 divide 68964168?
True
Is 495581471 a multiple of 11?
True
Does 95 divide 304542925?
True
Is 46286045 a multiple of 35?
False
Is 74 a factor of 1354126?
True
Does 637 divide 5079794083?
True
Does 3 divide 7175895?
True
Is 44 a factor of 43135536?
False
Is 112 a factor of 986014473?
False
Is 1976757919 a multiple of 3046?
False
Is 81328992 a multiple of 32?
True
Is 71 a factor of 1021968533?
True
Is 2 a factor of 7796?
True
Does 31 divide 82584609?
False
Is 1375122756 a multiple of 6428?
True
Is 53 a factor of 95740366?
True
Does 16 divide 799623824?
True
Is 370 a factor of 171034350?
True
Does 57 divide 103516445?
False
Is 305 a factor of 238236742?
False
Does 2064 divide 1242876604?
False
Is 11689015 a multiple of 9?
False
Is 28 a factor of 72339568?
True
Is 54063179 a multiple of 23?
True
Does 81 divide 17421237?
True
Is 55 a factor of 182545678?
False
Is 3314384 a multiple of 118?
True
Is 43715084 a multiple of 124?
True
Does 3 divide 14629173?
True
Is 5 a factor of 589576195?
True
Does 22 divide 45548830?
False
Is 321341073 a multiple of 69?
True
Is 2 a factor of 23325729?
False
Does 1211 divide 1377981215?
False
Is 34848835 a multiple of 56?
False
Is 263745825 a multiple of 25?
True
Does 708 divide 2049332196?
True
Is 31321877 a multiple of 45?
False
Is 1091343757 a multiple of 2606?
False
Is 1928 a factor of 886502112?
True
Is 437 a factor of 3858145176?
False
Does 42 divide 195788819?
False
Is 552 a factor of 286458744?
True
Does 12 divide 141706056?
True
Is 20 a factor of 210075131?
False
Is 908 a factor of 46385180?
True
Does 22 divide 23053275?
False
Is 3381741414 a multiple of 43?
False
Is 986867774 a multiple of 491?
True
Is 1154402432 a multiple of 32?
True
Does 44 divide 292181832?
False
Does 202 divide 998232692?
True
Is 102715263 a multiple of 621?
True
Does 5040 divide 179600400?
True
Is 616 a factor of 112134176?
True
Is 16 a factor of 235078784?
True
Does 21 divide 2353686413?
False
Is 867353508 a multiple of 63?
True
Is 5122 a factor of 1592894778?
False
Is 190 a factor of 475830266?
False
Does 190 divide 34081341?
False
Does 20 divide 226760600?
True
Is 1042250452 a multiple of 794?
True
Is 162 a factor of 10896606?
True
Is 412 a factor of 225497076?
True
Is 493 a factor of 60072543?
True
Is 89 a factor of 33593584?
True
Is 3 a factor of 15737706?
True
Does 6929 divide 1569441771?
False
Does 11 divide 5474581?
False
Is 39266272 a multiple of 251?
False
Is 1276 a factor of 30584588?
False
Is 105474441 a multiple of 11?
False
Is 31 a factor of 182435465?
True
Does 3999 divide 140352903?
True
Is 11680615 a multiple of 2227?
True
Does 2 divide 8403191?
False
Is 94638608 a multiple of 2084?
True
Does 10 divide 29294610?
True
Is 1290755977 a multiple of 9?
False
Is 344960069 a multiple of 85?
False
Is 7 a factor of 2245232?
False
Is 129 a factor of 33651069?
True
Is 38542776 a multiple of 852?
True
Is 2317 a factor of 201547408?
False
Does 52 divide 58256172?
True
Is 2134639 a multiple of 207?
False
Is 1821 a factor of 66351777?
True
Does 5 divide 29071648?
False
Is 949363706 a multiple of 37?
False
Is 7 a factor of 1954945?
False
Is 19 a factor of 29964451?
False
Is 372 a factor of 2984598036?
True
Does 176 divide 25598382?
False
Is 3 a factor of 40116290?
False
Is 6935208 a multiple of 42?
True
Is 130303706 a multiple of 158?
True
Is 288075690 a multiple of 470?
True
Does 220 divide 12124200?
True
Does 11 divide 97725474?
True
Is 285119016 a multiple of 13?
True
Is 1028645289 a multiple of 9?
True
Is 406 a factor of 49699678?
True
Is 308765964 a multiple of 78?
True
Is 3072 a factor of 3653996810?
False
Is 26158876 a multiple of 149?
False
Does 726 divide 976470?
True
Is 18 a factor of 16070896?
False
Is 3 a factor of 54748224?
True
Is 1694 a factor of 27542746?
True
Is 356157438 a multiple of 897?
True
Does 3 divide 51760357?
False
Is 32599811 a multiple of 383?
True
Is 50332862 a multiple of 25?
False
Is 1684870757 a multiple of 776?
False
Does 18 divide 461206152?
True
Is 248386158 a multiple of 7?
False
Is 330 a factor of 2800240477?
False
Is 70988645 a multiple of 2772?
False
Is 18 a factor of 401706973?
False
Is 3210 a factor of 138989790?
True
Does 2310 divide 582997905?
False
Is 2 a factor of 178914?
True
Is 17 a factor of 94937347?
False
Is 3663 a factor of 134402756?
False
Is 47 a factor of 44825216?
True
Does 203 divide 60383307?
False
Does 8 divide 10150953?
False
Does 120 divide 11292320?
False
Does 53 divide 2138175820?
True
Does 503 divide 23045592?
False
Is 615 a factor of 155852685?
True
Is 921281262 a multiple of 116?
False
Does 790 divide 714650590?
True
Does 13 divide 73970145?
False
Is 493092294 a multiple of 38?
True
Does 169 divide 83325623?
False
Does 313 divide 783611848?
False
Is 19796931 a multiple of 7?
True
Is 2373 a factor of 2038670478?
False
Is 19954144 a multiple of 389?
True
Does 2730 divide 107860610?
False
Is 10 a factor of 339063151?
False
Does 956 divide 252174119?
False
Is 3 a factor of 68522109?
True
Is 88440642 a multiple of 9?
True
Is 131551042 a multiple of 55?
False
Is 1086720 a multiple of 384?
True
Does 8 divide 80559487?
False
Is 47 a factor of 3296665?
False
Does 114 divide 226192938?
False
Is 204335 a multiple of 5?
True
Does 5 divide 10834475?
True
Is 547 a factor of 727693245?
True
Is 15 a factor of 2167020?
True
Is 19 a factor of 35708334?
True
Is 5464321228 a multiple of 510?
False
Is 11 a factor of 37483459?
False
Is 86089914 a multiple of 639?
True
Is 53 a factor of 368686126?
True
Is 1236426891 a multiple of 2051?
True
Does 6421 divide 270959779?
True
Does 45 divide 175940162?
False
Is 4898637 a multiple of 171?
True
Is 18 a factor of 1773704713?
False
Does 159 divide 1266319566?
True
Does 1223 divide 590189572?
False
Is 3798 a factor of 5750362?
False
Is 7 a factor of 18629321?
False
Does 184 divi